{"id":417,"date":"2021-10-10T09:00:33","date_gmt":"2021-10-10T09:00:33","guid":{"rendered":"https:\/\/privid.si\/?post_type=jetpack-portfolio&#038;p=417"},"modified":"2022-01-04T08:50:02","modified_gmt":"2022-01-04T08:50:02","slug":"sence","status":"publish","type":"jetpack-portfolio","link":"https:\/\/privid.si\/en\/portfolio\/sence\/","title":{"rendered":"Sence"},"content":{"rendered":"<figure class=\"wp-block-embed is-type-video is-provider-youtube wp-block-embed-youtube wp-embed-aspect-16-9 wp-has-aspect-ratio\"><div class=\"wp-block-embed__wrapper\">\n<iframe loading=\"lazy\" title=\"Sence\" width=\"500\" height=\"281\" src=\"https:\/\/www.youtube.com\/embed\/videoseries?list=PLAQ5yuUol7nAaD8zBxo6liQoMhJ0hdqZU\" frameborder=\"0\" allow=\"accelerometer; autoplay; clipboard-write; encrypted-media; gyroscope; picture-in-picture; web-share\" referrerpolicy=\"strict-origin-when-cross-origin\" allowfullscreen><\/iframe>\n<\/div><\/figure>\n\n\n\n<blockquote class=\"wp-block-quote wp-embed-aspect-16-9 wp-has-aspect-ratio is-layout-flow wp-block-quote-is-layout-flow\"><p>\u201c\u0160anson v \u017elahtni obliki.\u201d&nbsp;<\/p><cite>Jani Kova\u010di\u010d v izjavi \u017eirije 18. Kantfesta<\/cite><\/blockquote>\n\n\n\n<p>Primo\u017e Vidovi\u010d, pevec, kantavtor in filozof, prejemnik zlatega priznanja 18. Kantfesta, z zasedbo predstavlja <em>Sence<\/em>, koncert avtorskih \u0161ansonov in popevk. V duhovitih satirah, svetobolnih baladah in slikovitih pripovedih zdru\u017euje dramo in cinizem kabareja, strasti in ritme tanga ter drugih glasb sveta, d\u017eezovska sozvo\u010dja in klasi\u010dno ubranost. \u010cloveku nastavlja ogledalo, ubeseduje njegova ve\u010dna protislovja in uglasbuje ob\u010dutja sodobnosti.<\/p>\n\n\n\n<p>V zasedbi se mu bodo pridru\u017eili vrhunski glasbeniki, doma tako v klasi\u010dni kot popularni glasbi: Matja\u017e Bala\u017eic (Piazzolleky, Flat Hats) na harmoniki, Luka Herman Gaiser (Stefan Milenkovich, Bilbi) na kontrabasu in Timi Krajnc (Mascara Quartet, Piazzolleky) na kitari. V letu 2020 so v okviru projekta izdali prvenec Nulti pacient, v katerem so strnili epidemi\u010dne patologije, leto zatem projekt predstavili v Prvi vrsti na Radio Prvi, v letu 2022 pa na\u010drtujejo snemanje albuma.<\/p>\n\n\n\n<figure class=\"wp-block-image size-large\"><img data-recalc-dims=\"1\" loading=\"lazy\" decoding=\"async\" width=\"1024\" height=\"537\" data-attachment-id=\"301\" data-permalink=\"https:\/\/privid.si\/en\/glasba\/za-medije\/attachment\/fb-event-cover-2\/\" data-orig-file=\"https:\/\/i0.wp.com\/privid.si\/wp-content\/uploads\/2021\/08\/fb-event-cover-1.png?fit=1920%2C1006&amp;ssl=1\" data-orig-size=\"1920,1006\" data-comments-opened=\"0\" data-image-meta=\"{&quot;aperture&quot;:&quot;0&quot;,&quot;credit&quot;:&quot;&quot;,&quot;camera&quot;:&quot;&quot;,&quot;caption&quot;:&quot;&quot;,&quot;created_timestamp&quot;:&quot;0&quot;,&quot;copyright&quot;:&quot;&quot;,&quot;focal_length&quot;:&quot;0&quot;,&quot;iso&quot;:&quot;0&quot;,&quot;shutter_speed&quot;:&quot;0&quot;,&quot;title&quot;:&quot;&quot;,&quot;orientation&quot;:&quot;0&quot;}\" data-image-title=\"fb-event-cover\" data-image-description=\"\" data-image-caption=\"\" data-medium-file=\"https:\/\/i0.wp.com\/privid.si\/wp-content\/uploads\/2021\/08\/fb-event-cover-1.png?fit=300%2C157&amp;ssl=1\" data-large-file=\"https:\/\/i0.wp.com\/privid.si\/wp-content\/uploads\/2021\/08\/fb-event-cover-1.png?fit=1024%2C537&amp;ssl=1\" src=\"https:\/\/i0.wp.com\/privid.si\/wp-content\/uploads\/2021\/08\/fb-event-cover-1.png?resize=1024%2C537&#038;ssl=1\" alt=\"\" class=\"wp-image-301\" srcset=\"https:\/\/i0.wp.com\/privid.si\/wp-content\/uploads\/2021\/08\/fb-event-cover-1.png?resize=1024%2C537&amp;ssl=1 1024w, https:\/\/i0.wp.com\/privid.si\/wp-content\/uploads\/2021\/08\/fb-event-cover-1.png?resize=300%2C157&amp;ssl=1 300w, https:\/\/i0.wp.com\/privid.si\/wp-content\/uploads\/2021\/08\/fb-event-cover-1.png?resize=768%2C402&amp;ssl=1 768w, https:\/\/i0.wp.com\/privid.si\/wp-content\/uploads\/2021\/08\/fb-event-cover-1.png?resize=1536%2C805&amp;ssl=1 1536w, https:\/\/i0.wp.com\/privid.si\/wp-content\/uploads\/2021\/08\/fb-event-cover-1.png?resize=24%2C13&amp;ssl=1 24w, https:\/\/i0.wp.com\/privid.si\/wp-content\/uploads\/2021\/08\/fb-event-cover-1.png?resize=36%2C19&amp;ssl=1 36w, https:\/\/i0.wp.com\/privid.si\/wp-content\/uploads\/2021\/08\/fb-event-cover-1.png?resize=48%2C25&amp;ssl=1 48w, https:\/\/i0.wp.com\/privid.si\/wp-content\/uploads\/2021\/08\/fb-event-cover-1.png?w=1920&amp;ssl=1 1920w\" sizes=\"auto, (max-width: 1000px) 100vw, 1000px\" \/><\/figure>\n\n\n\n<blockquote class=\"wp-block-quote wp-embed-aspect-16-9 wp-has-aspect-ratio is-layout-flow wp-block-quote-is-layout-flow\"><p>Reci, reci, Barbara, kam od\u0161la si ljubica?<br>Povsod pustila si sledi, kjer je tekla tvoja kri.<\/p><\/blockquote>\n\n\n\n<h1 class=\"wp-embed-aspect-16-9 wp-has-aspect-ratio wp-block-heading\">Opis projekta<\/h1>\n\n\n\n<p class=\"wp-embed-aspect-16-9 wp-has-aspect-ratio\">Koncert, ki traja uro in pol, sestoji iz cikla \u0161tirinajstih \u0161ansonov, napisanih v najrazli\u010dnej\u0161ih manirah. Glasbeno se spogledujejo z d\u017eezom, tangom, ruskimi romancami, bossa novo in klasiko, od val\u010dka do polke. Ve\u017eejo jih bogata in medsebojno povezana besedila, polna namigov na pere\u010de dogodke in kulturno zgodovino.<\/p>\n\n\n\n<p class=\"wp-embed-aspect-16-9 wp-has-aspect-ratio\">Meditacijam o ljubezni, smislu in smrti se pridru\u017eujejo porogljive dru\u017ebene kritike in polemike, ki razgaljajo \u010dlovekova protislovja. Komedija se me\u0161a s tragedijo, groza s smehom, romantika z bridkostjo. Rde\u010do nit punktuirajo solisti\u010dni in\u0161trumentalni vlo\u017eki, ki \u0161e dodatno opomenijo celoto in slikajo obzorja \u010dlove\u0161kega duha.<\/p>\n\n\n\n<blockquote class=\"wp-block-quote wp-embed-aspect-16-9 wp-has-aspect-ratio is-layout-flow wp-block-quote-is-layout-flow\"><p>\u201cPrimo\u017e Vidovi\u010d s Ptuja je deloval kot kak trubadur iz sedemdesetih, zaradi svoje melodije, mehke ironije po\u017evi\u017egavanja in tega, da je bil sam sebi truba.\u201d<\/p><cite>Peter Andrej v Ve\u010deru<\/cite><\/blockquote>\n\n\n\n<h1 class=\"wp-embed-aspect-16-9 wp-has-aspect-ratio wp-block-heading\">Biography<\/h1>\n\n\n\n<p class=\"wp-embed-aspect-16-9 wp-has-aspect-ratio\">Primo\u017e Vidovi\u010d je diplomiral iz filozofije in primerjalne knji\u017eevnosti, trenutno pa kon\u010duje magisterij iz Kognitivne znanosti in se pripravlja na doktorat. Svoje pevsko izobra\u017eevanje je za\u010del in kon\u010dal na Glasbeni \u0161oli Karol Pahor Ptuj pod mentorstvom Sama Iva\u010di\u010da, izku\u0161nje in znanje pa je dopolnjeval pri najrazli\u010dnej\u0161ih mentorjih in na delavnicah, npr. New York Voices, Lauren Kinhan, Don Menza, Robert Bargad, Lela Kaplowitz, Kevin Mahogany in drugi. Poleg petja igra tudi kitaro in klavir, svojim skladbam pa pi\u0161e tako besedila kot glasbo.<\/p>\n\n\n\n<p class=\"wp-embed-aspect-16-9 wp-has-aspect-ratio\">V letu 2019 je nastopil na glavnem odru Festivala Arsana v muzikalu Domi\u0161ljije iz Harmonije, se na festivalu z Alja\u017eem Bojnecom predstavil \u0161e s Poklonom Franku Sinatri, isto leto pa prejel srebrno nagrado na 17. Kantfestu. V za\u010detku 2020 je nastopil na Dunaju s priznanim dunajskim avantgardnim pianistom, Hannesom L\u00f6schllom, zatem pa na 18. Kantfestu prejel tokrat zlato priznanje. Marca 2021 je z zasedbo nastopil v Prvi vrsti na Radio Prvi. Redno nastopa \u0161e z d\u017eezovsko zasedbo Nostalgiki (Matja\u017e Daj\u010dar, Marko Koro\u0161ec), s katero so leta 2020 nastopili v \u010cin\u010dinu ob Ratku Divjaku, leta 2021 pa na Festivalu Lent in na Ptujski no\u010di. Poleg tega se samostojno pojavlja na \u0161tevilnih prilo\u017enostnih prireditvah, denimo Dnevih poezije in vina ali kulturnih proslavah.<\/p>","protected":false},"excerpt":{"rendered":"<p>\u201c\u0160anson v \u017elahtni obliki.\u201d&nbsp; Jani Kova\u010di\u010d v izjavi \u017eirije 18. Kantfesta Primo\u017e Vidovi\u010d, pevec, kantavtor in filozof, prejemnik zlatega priznanja 18. Kantfesta, z zasedbo predstavlja Sence, koncert avtorskih \u0161ansonov in popevk. V duhovitih satirah, svetobolnih baladah in slikovitih pripovedih zdru\u017euje dramo in cinizem kabareja, strasti in ritme tanga ter drugih glasb sveta, d\u017eezovska sozvo\u010dja in [&hellip;]<\/p>","protected":false},"author":1,"featured_media":301,"template":"","format":"standard","meta":{"inline_featured_image":false,"advanced_seo_description":"","jetpack_seo_html_title":"","jetpack_seo_noindex":false,"footnotes":"","jetpack_publicize_message":"","jetpack_publicize_feature_enabled":true,"jetpack_social_post_already_shared":false,"jetpack_social_options":{"image_generator_settings":{"template":"highway","default_image_id":0,"font":"","enabled":false},"version":2}},"jetpack-portfolio-type":[18],"jetpack-portfolio-tag":[],"class_list":["post-417","jetpack-portfolio","type-jetpack-portfolio","status-publish","format-standard","has-post-thumbnail","hentry","jetpack-portfolio-type-glasba"],"jetpack_publicize_connections":[],"jetpack_sharing_enabled":true,"_links":{"self":[{"href":"https:\/\/privid.si\/en\/wp-json\/wp\/v2\/jetpack-portfolio\/417","targetHints":{"allow":["GET"]}}],"collection":[{"href":"https:\/\/privid.si\/en\/wp-json\/wp\/v2\/jetpack-portfolio"}],"about":[{"href":"https:\/\/privid.si\/en\/wp-json\/wp\/v2\/types\/jetpack-portfolio"}],"author":[{"embeddable":true,"href":"https:\/\/privid.si\/en\/wp-json\/wp\/v2\/users\/1"}],"version-history":[{"count":3,"href":"https:\/\/privid.si\/en\/wp-json\/wp\/v2\/jetpack-portfolio\/417\/revisions"}],"predecessor-version":[{"id":448,"href":"https:\/\/privid.si\/en\/wp-json\/wp\/v2\/jetpack-portfolio\/417\/revisions\/448"}],"wp:featuredmedia":[{"embeddable":true,"href":"https:\/\/privid.si\/en\/wp-json\/wp\/v2\/media\/301"}],"wp:attachment":[{"href":"https:\/\/privid.si\/en\/wp-json\/wp\/v2\/media?parent=417"}],"wp:term":[{"taxonomy":"jetpack-portfolio-type","embeddable":true,"href":"https:\/\/privid.si\/en\/wp-json\/wp\/v2\/jetpack-portfolio-type?post=417"},{"taxonomy":"jetpack-portfolio-tag","embeddable":true,"href":"https:\/\/privid.si\/en\/wp-json\/wp\/v2\/jetpack-portfolio-tag?post=417"}],"curies":[{"name":"wp","href":"https:\/\/api.w.org\/{rel}","templated":true}]}}

<figure class="wp-block-embed is-type-video is-provider-youtube wp-block-embed-youtube wp-embed-aspect-16-9 wp-has-aspect-ratio"><div class="wp-block-embed__wrapper">
<iframe loading="lazy" title="Sence" width="500" height="281" src="https://www.youtube.com/embed/videoseries?list=PLAQ5yuUol7nAaD8zBxo6liQoMhJ0hdqZU" frameborder="0" allow="accelerometer; autoplay; clipboard-write; encrypted-media; gyroscope; picture-in-picture; web-share" referrerpolicy="strict-origin-when-cross-origin" allowfullscreen></iframe>
</div></figure>



<blockquote class="wp-block-quote wp-embed-aspect-16-9 wp-has-aspect-ratio is-layout-flow wp-block-quote-is-layout-flow"><p>“Šanson v žlahtni obliki.”&nbsp;</p><cite>Jani Kovačič v izjavi žirije 18. Kantfesta</cite></blockquote>



<p>Primož Vidovič, pevec, kantavtor in filozof, prejemnik zlatega priznanja 18. Kantfesta, z zasedbo predstavlja <em>Sence</em>, koncert avtorskih šansonov in popevk. V duhovitih satirah, svetobolnih baladah in slikovitih pripovedih združuje dramo in cinizem kabareja, strasti in ritme tanga ter drugih glasb sveta, džezovska sozvočja in klasično ubranost. Človeku nastavlja ogledalo, ubeseduje njegova večna protislovja in uglasbuje občutja sodobnosti.</p>



<p>V zasedbi se mu bodo pridružili vrhunski glasbeniki, doma tako v klasični kot popularni glasbi: Matjaž Balažic (Piazzolleky, Flat Hats) na harmoniki, Luka Herman Gaiser (Stefan Milenkovich, Bilbi) na kontrabasu in Timi Krajnc (Mascara Quartet, Piazzolleky) na kitari. V letu 2020 so v okviru projekta izdali prvenec Nulti pacient, v katerem so strnili epidemične patologije, leto zatem projekt predstavili v Prvi vrsti na Radio Prvi, v letu 2022 pa načrtujejo snemanje albuma.</p>



<figure class="wp-block-image size-large"><img data-recalc-dims="1" loading="lazy" decoding="async" width="1024" height="537" data-attachment-id="301" data-permalink="https://privid.si/en/glasba/za-medije/attachment/fb-event-cover-2/" data-orig-file="https://i0.wp.com/privid.si/wp-content/uploads/2021/08/fb-event-cover-1.png?fit=1920%2C1006&amp;ssl=1" data-orig-size="1920,1006" data-comments-opened="0" data-image-meta="{&quot;aperture&quot;:&quot;0&quot;,&quot;credit&quot;:&quot;&quot;,&quot;camera&quot;:&quot;&quot;,&quot;caption&quot;:&quot;&quot;,&quot;created_timestamp&quot;:&quot;0&quot;,&quot;copyright&quot;:&quot;&quot;,&quot;focal_length&quot;:&quot;0&quot;,&quot;iso&quot;:&quot;0&quot;,&quot;shutter_speed&quot;:&quot;0&quot;,&quot;title&quot;:&quot;&quot;,&quot;orientation&quot;:&quot;0&quot;}" data-image-title="fb-event-cover" data-image-description="" data-image-caption="" data-medium-file="https://i0.wp.com/privid.si/wp-content/uploads/2021/08/fb-event-cover-1.png?fit=300%2C157&amp;ssl=1" data-large-file="https://i0.wp.com/privid.si/wp-content/uploads/2021/08/fb-event-cover-1.png?fit=1024%2C537&amp;ssl=1" src="https://i0.wp.com/privid.si/wp-content/uploads/2021/08/fb-event-cover-1.png?resize=1024%2C537&#038;ssl=1" alt="" class="wp-image-301" srcset="https://i0.wp.com/privid.si/wp-content/uploads/2021/08/fb-event-cover-1.png?resize=1024%2C537&amp;ssl=1 1024w, https://i0.wp.com/privid.si/wp-content/uploads/2021/08/fb-event-cover-1.png?resize=300%2C157&amp;ssl=1 300w, https://i0.wp.com/privid.si/wp-content/uploads/2021/08/fb-event-cover-1.png?resize=768%2C402&amp;ssl=1 768w, https://i0.wp.com/privid.si/wp-content/uploads/2021/08/fb-event-cover-1.png?resize=1536%2C805&amp;ssl=1 1536w, https://i0.wp.com/privid.si/wp-content/uploads/2021/08/fb-event-cover-1.png?resize=24%2C13&amp;ssl=1 24w, https://i0.wp.com/privid.si/wp-content/uploads/2021/08/fb-event-cover-1.png?resize=36%2C19&amp;ssl=1 36w, https://i0.wp.com/privid.si/wp-content/uploads/2021/08/fb-event-cover-1.png?resize=48%2C25&amp;ssl=1 48w, https://i0.wp.com/privid.si/wp-content/uploads/2021/08/fb-event-cover-1.png?w=1920&amp;ssl=1 1920w" sizes="auto, (max-width: 1000px) 100vw, 1000px" /></figure>



<blockquote class="wp-block-quote wp-embed-aspect-16-9 wp-has-aspect-ratio is-layout-flow wp-block-quote-is-layout-flow"><p>Reci, reci, Barbara, kam odšla si ljubica?<br>Povsod pustila si sledi, kjer je tekla tvoja kri.</p></blockquote>



<h1 class="wp-embed-aspect-16-9 wp-has-aspect-ratio wp-block-heading">Opis projekta</h1>



<p class="wp-embed-aspect-16-9 wp-has-aspect-ratio">Koncert, ki traja uro in pol, sestoji iz cikla štirinajstih šansonov, napisanih v najrazličnejših manirah. Glasbeno se spogledujejo z džezom, tangom, ruskimi romancami, bossa novo in klasiko, od valčka do polke. Vežejo jih bogata in medsebojno povezana besedila, polna namigov na pereče dogodke in kulturno zgodovino.</p>



<p class="wp-embed-aspect-16-9 wp-has-aspect-ratio">Meditacijam o ljubezni, smislu in smrti se pridružujejo porogljive družbene kritike in polemike, ki razgaljajo človekova protislovja. Komedija se meša s tragedijo, groza s smehom, romantika z bridkostjo. Rdečo nit punktuirajo solistični inštrumentalni vložki, ki še dodatno opomenijo celoto in slikajo obzorja človeškega duha.</p>



<blockquote class="wp-block-quote wp-embed-aspect-16-9 wp-has-aspect-ratio is-layout-flow wp-block-quote-is-layout-flow"><p>“Primož Vidovič s Ptuja je deloval kot kak trubadur iz sedemdesetih, zaradi svoje melodije, mehke ironije požvižgavanja in tega, da je bil sam sebi truba.”</p><cite>Peter Andrej v Večeru</cite></blockquote>



<h1 class="wp-embed-aspect-16-9 wp-has-aspect-ratio wp-block-heading">Biography</h1>



<p class="wp-embed-aspect-16-9 wp-has-aspect-ratio">Primož Vidovič je diplomiral iz filozofije in primerjalne književnosti, trenutno pa končuje magisterij iz Kognitivne znanosti in se pripravlja na doktorat. Svoje pevsko izobraževanje je začel in končal na Glasbeni šoli Karol Pahor Ptuj pod mentorstvom Sama Ivačiča, izkušnje in znanje pa je dopolnjeval pri najrazličnejših mentorjih in na delavnicah, npr. New York Voices, Lauren Kinhan, Don Menza, Robert Bargad, Lela Kaplowitz, Kevin Mahogany in drugi. Poleg petja igra tudi kitaro in klavir, svojim skladbam pa piše tako besedila kot glasbo.</p>



<p class="wp-embed-aspect-16-9 wp-has-aspect-ratio">V letu 2019 je nastopil na glavnem odru Festivala Arsana v muzikalu Domišljije iz Harmonije, se na festivalu z Aljažem Bojnecom predstavil še s Poklonom Franku Sinatri, isto leto pa prejel srebrno nagrado na 17. Kantfestu. V začetku 2020 je nastopil na Dunaju s priznanim dunajskim avantgardnim pianistom, Hannesom Löschllom, zatem pa na 18. Kantfestu prejel tokrat zlato priznanje. Marca 2021 je z zasedbo nastopil v Prvi vrsti na Radio Prvi. Redno nastopa še z džezovsko zasedbo Nostalgiki (Matjaž Dajčar, Marko Korošec), s katero so leta 2020 nastopili v Činčinu ob Ratku Divjaku, leta 2021 pa na Festivalu Lent in na Ptujski noči. Poleg tega se samostojno pojavlja na številnih priložnostnih prireditvah, denimo Dnevih poezije in vina ali kulturnih proslavah.</p>

<p>“Šanson v žlahtni obliki.”&nbsp; Jani Kovačič v izjavi žirije 18. Kantfesta Primož Vidovič, pevec, kantavtor in filozof, prejemnik zlatega priznanja 18. Kantfesta, z zasedbo predstavlja Sence, koncert avtorskih šansonov in popevk. V duhovitih satirah, svetobolnih baladah in slikovitih pripovedih združuje dramo in cinizem kabareja, strasti in ritme tanga ter drugih glasb sveta, džezovska sozvočja in [&hellip;]</p>
